{"id":4032,"date":"2024-12-03T09:50:28","date_gmt":"2024-12-03T09:50:28","guid":{"rendered":"https:\/\/demo2wpopal.b-cdn.net\/diteck\/?page_id=4032"},"modified":"2025-10-20T06:34:53","modified_gmt":"2025-10-20T06:34:53","slug":"nase-usluge","status":"publish","type":"page","link":"https:\/\/stiglerautomation.hr\/index.php\/nase-usluge\/","title":{"rendered":"Na\u0161e usluge"},"content":{"rendered":"\t\t<div data-elementor-type=\"wp-page\" data-elementor-id=\"4032\" class=\"elementor elementor-4032\">\n\t\t\t\t<div class=\"elementor-element elementor-element-49fc95f e-flex e-con-boxed e-con e-parent\" data-id=\"49fc95f\" data-element_type=\"container\" data-settings=\"{&quot;background_background&quot;:&quot;classic&quot;}\">\n\t\t\t\t\t<div class=\"e-con-inner\">\n\t\t<div class=\"elementor-element elementor-element-3bfb2ff e-con-full e-flex e-con e-child\" data-id=\"3bfb2ff\" data-element_type=\"container\">\n\t\t\t\t<div class=\"elementor-element elementor-element-55691c4 icon-list-style-diteck-yes animated-fast elementor-icon-list--layout-traditional elementor-list-item-link-full_width elementor-invisible elementor-widget elementor-widget-icon-list\" data-id=\"55691c4\" data-element_type=\"widget\" data-settings=\"{&quot;_animation&quot;:&quot;opal-scale-up&quot;}\" data-widget_type=\"icon-list.default\">\n\t\t\t\t\t\t\t<ul class=\"elementor-icon-list-items\">\n\t\t\t\t\t\t\t<li class=\"elementor-icon-list-item\">\n\t\t\t\t\t\t\t\t\t\t\t<span class=\"elementor-icon-list-icon\">\n\t\t\t\t\t\t\t<i aria-hidden=\"true\" class=\"diteck-icon- diteck-icon-square-1\"><\/i>\t\t\t\t\t\t<\/span>\n\t\t\t\t\t\t\t\t\t\t<span class=\"elementor-icon-list-text\">\u010cime se bavimo?<\/span>\n\t\t\t\t\t\t\t\t\t<\/li>\n\t\t\t\t\t\t<\/ul>\n\t\t\t\t\t\t<\/div>\n\t\t\t\t<\/div>\n\t\t<div class=\"elementor-element elementor-element-42bc9e5 e-con-full e-flex e-con e-child\" data-id=\"42bc9e5\" data-element_type=\"container\">\n\t\t\t\t<div class=\"elementor-element elementor-element-6121a4e elementor-widget__width-initial animated-fast elementor-invisible elementor-widget elementor-widget-heading\" data-id=\"6121a4e\" data-element_type=\"widget\" data-settings=\"{&quot;_animation&quot;:&quot;opal-move-up&quot;}\" data-widget_type=\"heading.default\">\n\t\t\t\t\t<h2 class=\"elementor-heading-title elementor-size-default\">Inovativna rje\u0161enja<\/h2>\t\t\t\t<\/div>\n\t\t\t\t<\/div>\n\t\t\t\t\t<\/div>\n\t\t\t\t<\/div>\n\t\t<div class=\"elementor-element elementor-element-10e0939 e-flex e-con-boxed e-con e-parent\" data-id=\"10e0939\" data-element_type=\"container\">\n\t\t\t\t\t<div class=\"e-con-inner\">\n\t\t\t\t<div class=\"elementor-element elementor-element-134e53a elementor-service-style-2 animated-fast elementor-invisible elementor-widget elementor-widget-diteck-services\" data-id=\"134e53a\" data-element_type=\"widget\" data-settings=\"{&quot;_animation&quot;:&quot;opal-move-up&quot;}\" data-widget_type=\"diteck-services.default\">\n\t\t\t\t<div class=\"elementor-widget-container\">\n\t\t\t\t\t        <div class=\"elementor-service-wrapper\">\n            <div class=\"d-grid\">\n                                                         <div class=\"grid-item service-item service-style-2\">\n                                            <div class=\"service-inner\">\n    <div class=\"service-content\">\n        <div class=\"service-content-top\">\n            <h3 class=\"service-title omega\"><a href=\"https:\/\/stiglerautomation.hr\/index.php\/services\/projektiranje\/\">Projektiranje i in\u017eenjering<\/a><\/h3>\n            <a class=\"service-more-link button-style-icon\" href=\"https:\/\/stiglerautomation.hr\/index.php\/services\/projektiranje\/\">\n                <span class=\"elementor-button-icon\"><svg xmlns=\"http:\/\/www.w3.org\/2000\/svg\" width=\"32\" height=\"32\" viewBox=\"0 0 32 32\"><path class=\"btn-icon__icon\" d=\"M15.52 4.953c-.47.155-.904.523-1.125.956-.109.213-.128.327-.128.758 0 .43.019.546.131.773.101.206.87 1.009 3.384 3.533l3.253 3.266-7.438.014-7.437.014-.267.141a2.097 2.097 0 0 0-.831.834c-.109.213-.129.328-.129.758 0 .431.02.544.129.759.165.323.523.68.845.845l.253.129 7.437.014 7.438.014-3.253 3.266c-2.514 2.524-3.283 3.327-3.384 3.533-.112.227-.131.343-.131.773 0 .594.104.858.489 1.244.386.386.65.49 1.244.49.429 0 .547-.02.773-.131.391-.191 9.972-9.772 10.163-10.163.111-.226.131-.344.131-.773 0-.429-.02-.547-.131-.773-.103-.211-1.155-1.293-4.986-5.129-5.414-5.42-5.101-5.143-5.87-5.172-.235-.009-.487.003-.56.027\"><\/path><path class=\"btn-icon__icon\" d=\"M15.52 4.953c-.47.155-.904.523-1.125.956-.109.213-.128.327-.128.758 0 .43.019.546.131.773.101.206.87 1.009 3.384 3.533l3.253 3.266-7.438.014-7.437.014-.267.141a2.097 2.097 0 0 0-.831.834c-.109.213-.129.328-.129.758 0 .431.02.544.129.759.165.323.523.68.845.845l.253.129 7.437.014 7.438.014-3.253 3.266c-2.514 2.524-3.283 3.327-3.384 3.533-.112.227-.131.343-.131.773 0 .594.104.858.489 1.244.386.386.65.49 1.244.49.429 0 .547-.02.773-.131.391-.191 9.972-9.772 10.163-10.163.111-.226.131-.344.131-.773 0-.429-.02-.547-.131-.773-.103-.211-1.155-1.293-4.986-5.129-5.414-5.42-5.101-5.143-5.87-5.172-.235-.009-.487.003-.56.027\"><\/path><\/svg><\/span>\n                <img decoding=\"async\" class=\"service-icon\" src=\"https:\/\/stiglerautomation.hr\/wp-content\/uploads\/2024\/11\/blueprint.png\" alt=\"service icon\">            <\/a>\n        <\/div>\n        <div class=\"description\">\n            Projektiranje \u2013 temelj svake uspje\u0161ne automatizacije\r\n        <\/div>\n    <\/div>\n            <div class=\"service-post-thumbnail\">\n            <img fetchpriority=\"high\" decoding=\"async\" width=\"768\" height=\"432\" src=\"https:\/\/stiglerautomation.hr\/wp-content\/uploads\/2024\/11\/3066-768x432.jpg\" class=\"attachment-medium_large size-medium_large wp-post-image\" alt=\"3066\" srcset=\"https:\/\/stiglerautomation.hr\/wp-content\/uploads\/2024\/11\/3066-768x432.jpg 768w, https:\/\/stiglerautomation.hr\/wp-content\/uploads\/2024\/11\/3066-300x169.jpg 300w, https:\/\/stiglerautomation.hr\/wp-content\/uploads\/2024\/11\/3066.jpg 1000w\" sizes=\"(max-width: 768px) 100vw, 768px\" \/>        <\/div>\n    <\/div>                                        <\/div>\n                                                                                 <div class=\"grid-item service-item service-style-2\">\n                                            <div class=\"service-inner\">\n    <div class=\"service-content\">\n        <div class=\"service-content-top\">\n            <h3 class=\"service-title omega\"><a href=\"https:\/\/stiglerautomation.hr\/index.php\/services\/izrada-projektne-dokumentacije-i-obuka\/\">Izrada projektne dokumentacije i obuka<\/a><\/h3>\n            <a class=\"service-more-link button-style-icon\" href=\"https:\/\/stiglerautomation.hr\/index.php\/services\/izrada-projektne-dokumentacije-i-obuka\/\">\n                <span class=\"elementor-button-icon\"><svg xmlns=\"http:\/\/www.w3.org\/2000\/svg\" width=\"32\" height=\"32\" viewBox=\"0 0 32 32\"><path class=\"btn-icon__icon\" d=\"M15.52 4.953c-.47.155-.904.523-1.125.956-.109.213-.128.327-.128.758 0 .43.019.546.131.773.101.206.87 1.009 3.384 3.533l3.253 3.266-7.438.014-7.437.014-.267.141a2.097 2.097 0 0 0-.831.834c-.109.213-.129.328-.129.758 0 .431.02.544.129.759.165.323.523.68.845.845l.253.129 7.437.014 7.438.014-3.253 3.266c-2.514 2.524-3.283 3.327-3.384 3.533-.112.227-.131.343-.131.773 0 .594.104.858.489 1.244.386.386.65.49 1.244.49.429 0 .547-.02.773-.131.391-.191 9.972-9.772 10.163-10.163.111-.226.131-.344.131-.773 0-.429-.02-.547-.131-.773-.103-.211-1.155-1.293-4.986-5.129-5.414-5.42-5.101-5.143-5.87-5.172-.235-.009-.487.003-.56.027\"><\/path><path class=\"btn-icon__icon\" d=\"M15.52 4.953c-.47.155-.904.523-1.125.956-.109.213-.128.327-.128.758 0 .43.019.546.131.773.101.206.87 1.009 3.384 3.533l3.253 3.266-7.438.014-7.437.014-.267.141a2.097 2.097 0 0 0-.831.834c-.109.213-.129.328-.129.758 0 .431.02.544.129.759.165.323.523.68.845.845l.253.129 7.437.014 7.438.014-3.253 3.266c-2.514 2.524-3.283 3.327-3.384 3.533-.112.227-.131.343-.131.773 0 .594.104.858.489 1.244.386.386.65.49 1.244.49.429 0 .547-.02.773-.131.391-.191 9.972-9.772 10.163-10.163.111-.226.131-.344.131-.773 0-.429-.02-.547-.131-.773-.103-.211-1.155-1.293-4.986-5.129-5.414-5.42-5.101-5.143-5.87-5.172-.235-.009-.487.003-.56.027\"><\/path><\/svg><\/span>\n                <img decoding=\"async\" class=\"service-icon\" src=\"https:\/\/stiglerautomation.hr\/wp-content\/uploads\/2024\/11\/documents.png\" alt=\"service icon\">            <\/a>\n        <\/div>\n        <div class=\"description\">\n            Uz svaki projekt izra\u0111ujemo potpunu tehni\u010dku i izvedbenu dokumentaciju \u2013 elektro sheme, funkcionalne opise, korisni\u010dke priru\u010dnike i upute za odr\u017eavanje.        <\/div>\n    <\/div>\n            <div class=\"service-post-thumbnail\">\n            <img decoding=\"async\" width=\"768\" height=\"512\" src=\"https:\/\/stiglerautomation.hr\/wp-content\/uploads\/2024\/11\/16475-768x512.jpg\" class=\"attachment-medium_large size-medium_large wp-post-image\" alt=\"16475\" srcset=\"https:\/\/stiglerautomation.hr\/wp-content\/uploads\/2024\/11\/16475-768x512.jpg 768w, https:\/\/stiglerautomation.hr\/wp-content\/uploads\/2024\/11\/16475-300x200.jpg 300w, https:\/\/stiglerautomation.hr\/wp-content\/uploads\/2024\/11\/16475.jpg 1000w\" sizes=\"(max-width: 768px) 100vw, 768px\" \/>        <\/div>\n    <\/div>                                        <\/div>\n                                                                                 <div class=\"grid-item service-item service-style-2\">\n                                            <div class=\"service-inner\">\n    <div class=\"service-content\">\n        <div class=\"service-content-top\">\n            <h3 class=\"service-title omega\"><a href=\"https:\/\/stiglerautomation.hr\/index.php\/services\/nabava-opreme\/\">Nabava opreme<\/a><\/h3>\n            <a class=\"service-more-link button-style-icon\" href=\"https:\/\/stiglerautomation.hr\/index.php\/services\/nabava-opreme\/\">\n                <span class=\"elementor-button-icon\"><svg xmlns=\"http:\/\/www.w3.org\/2000\/svg\" width=\"32\" height=\"32\" viewBox=\"0 0 32 32\"><path class=\"btn-icon__icon\" d=\"M15.52 4.953c-.47.155-.904.523-1.125.956-.109.213-.128.327-.128.758 0 .43.019.546.131.773.101.206.87 1.009 3.384 3.533l3.253 3.266-7.438.014-7.437.014-.267.141a2.097 2.097 0 0 0-.831.834c-.109.213-.129.328-.129.758 0 .431.02.544.129.759.165.323.523.68.845.845l.253.129 7.437.014 7.438.014-3.253 3.266c-2.514 2.524-3.283 3.327-3.384 3.533-.112.227-.131.343-.131.773 0 .594.104.858.489 1.244.386.386.65.49 1.244.49.429 0 .547-.02.773-.131.391-.191 9.972-9.772 10.163-10.163.111-.226.131-.344.131-.773 0-.429-.02-.547-.131-.773-.103-.211-1.155-1.293-4.986-5.129-5.414-5.42-5.101-5.143-5.87-5.172-.235-.009-.487.003-.56.027\"><\/path><path class=\"btn-icon__icon\" d=\"M15.52 4.953c-.47.155-.904.523-1.125.956-.109.213-.128.327-.128.758 0 .43.019.546.131.773.101.206.87 1.009 3.384 3.533l3.253 3.266-7.438.014-7.437.014-.267.141a2.097 2.097 0 0 0-.831.834c-.109.213-.129.328-.129.758 0 .431.02.544.129.759.165.323.523.68.845.845l.253.129 7.437.014 7.438.014-3.253 3.266c-2.514 2.524-3.283 3.327-3.384 3.533-.112.227-.131.343-.131.773 0 .594.104.858.489 1.244.386.386.65.49 1.244.49.429 0 .547-.02.773-.131.391-.191 9.972-9.772 10.163-10.163.111-.226.131-.344.131-.773 0-.429-.02-.547-.131-.773-.103-.211-1.155-1.293-4.986-5.129-5.414-5.42-5.101-5.143-5.87-5.172-.235-.009-.487.003-.56.027\"><\/path><\/svg><\/span>\n                <img decoding=\"async\" class=\"service-icon\" src=\"https:\/\/stiglerautomation.hr\/wp-content\/uploads\/2024\/11\/delivery-truck.png\" alt=\"service icon\">            <\/a>\n        <\/div>\n        <div class=\"description\">\n            Nabava opreme \u2013 samo provjerena kvaliteta\r\n        <\/div>\n    <\/div>\n            <div class=\"service-post-thumbnail\">\n            <img decoding=\"async\" width=\"768\" height=\"513\" src=\"https:\/\/stiglerautomation.hr\/wp-content\/uploads\/2024\/11\/2148590673-768x513.jpg\" class=\"attachment-medium_large size-medium_large wp-post-image\" alt=\"2148590673\" srcset=\"https:\/\/stiglerautomation.hr\/wp-content\/uploads\/2024\/11\/2148590673-768x513.jpg 768w, https:\/\/stiglerautomation.hr\/wp-content\/uploads\/2024\/11\/2148590673-300x200.jpg 300w, https:\/\/stiglerautomation.hr\/wp-content\/uploads\/2024\/11\/2148590673-1024x683.jpg 1024w, https:\/\/stiglerautomation.hr\/wp-content\/uploads\/2024\/11\/2148590673.jpg 1500w\" sizes=\"(max-width: 768px) 100vw, 768px\" \/>        <\/div>\n    <\/div>                                        <\/div>\n                                                                                 <div class=\"grid-item service-item service-style-2\">\n                                            <div class=\"service-inner\">\n    <div class=\"service-content\">\n        <div class=\"service-content-top\">\n            <h3 class=\"service-title omega\"><a href=\"https:\/\/stiglerautomation.hr\/index.php\/services\/izrada-elektro-ormara\/\">Izrada elektro ormara<\/a><\/h3>\n            <a class=\"service-more-link button-style-icon\" href=\"https:\/\/stiglerautomation.hr\/index.php\/services\/izrada-elektro-ormara\/\">\n                <span class=\"elementor-button-icon\"><svg xmlns=\"http:\/\/www.w3.org\/2000\/svg\" width=\"32\" height=\"32\" viewBox=\"0 0 32 32\"><path class=\"btn-icon__icon\" d=\"M15.52 4.953c-.47.155-.904.523-1.125.956-.109.213-.128.327-.128.758 0 .43.019.546.131.773.101.206.87 1.009 3.384 3.533l3.253 3.266-7.438.014-7.437.014-.267.141a2.097 2.097 0 0 0-.831.834c-.109.213-.129.328-.129.758 0 .431.02.544.129.759.165.323.523.68.845.845l.253.129 7.437.014 7.438.014-3.253 3.266c-2.514 2.524-3.283 3.327-3.384 3.533-.112.227-.131.343-.131.773 0 .594.104.858.489 1.244.386.386.65.49 1.244.49.429 0 .547-.02.773-.131.391-.191 9.972-9.772 10.163-10.163.111-.226.131-.344.131-.773 0-.429-.02-.547-.131-.773-.103-.211-1.155-1.293-4.986-5.129-5.414-5.42-5.101-5.143-5.87-5.172-.235-.009-.487.003-.56.027\"><\/path><path class=\"btn-icon__icon\" d=\"M15.52 4.953c-.47.155-.904.523-1.125.956-.109.213-.128.327-.128.758 0 .43.019.546.131.773.101.206.87 1.009 3.384 3.533l3.253 3.266-7.438.014-7.437.014-.267.141a2.097 2.097 0 0 0-.831.834c-.109.213-.129.328-.129.758 0 .431.02.544.129.759.165.323.523.68.845.845l.253.129 7.437.014 7.438.014-3.253 3.266c-2.514 2.524-3.283 3.327-3.384 3.533-.112.227-.131.343-.131.773 0 .594.104.858.489 1.244.386.386.65.49 1.244.49.429 0 .547-.02.773-.131.391-.191 9.972-9.772 10.163-10.163.111-.226.131-.344.131-.773 0-.429-.02-.547-.131-.773-.103-.211-1.155-1.293-4.986-5.129-5.414-5.42-5.101-5.143-5.87-5.172-.235-.009-.487.003-.56.027\"><\/path><\/svg><\/span>\n                <img decoding=\"async\" class=\"service-icon\" src=\"https:\/\/stiglerautomation.hr\/wp-content\/uploads\/2024\/11\/electric-panel.png\" alt=\"service icon\">            <\/a>\n        <\/div>\n        <div class=\"description\">\n            Izrada elektro ormara \u2013 preciznost i sigurnost u svakom spoju\r\n        <\/div>\n    <\/div>\n            <div class=\"service-post-thumbnail\">\n            <img loading=\"lazy\" decoding=\"async\" width=\"768\" height=\"413\" src=\"https:\/\/stiglerautomation.hr\/wp-content\/uploads\/2024\/11\/5083-768x413.jpg\" class=\"attachment-medium_large size-medium_large wp-post-image\" alt=\"5083\" srcset=\"https:\/\/stiglerautomation.hr\/wp-content\/uploads\/2024\/11\/5083-768x413.jpg 768w, https:\/\/stiglerautomation.hr\/wp-content\/uploads\/2024\/11\/5083-300x161.jpg 300w, https:\/\/stiglerautomation.hr\/wp-content\/uploads\/2024\/11\/5083-1024x550.jpg 1024w, https:\/\/stiglerautomation.hr\/wp-content\/uploads\/2024\/11\/5083.jpg 1500w\" sizes=\"(max-width: 768px) 100vw, 768px\" \/>        <\/div>\n    <\/div>                                        <\/div>\n                                                                                 <div class=\"grid-item service-item service-style-2\">\n                                            <div class=\"service-inner\">\n    <div class=\"service-content\">\n        <div class=\"service-content-top\">\n            <h3 class=\"service-title omega\"><a href=\"https:\/\/stiglerautomation.hr\/index.php\/services\/pustanje-u-pogon\/\">Pu\u0161tanje u pogon<\/a><\/h3>\n            <a class=\"service-more-link button-style-icon\" href=\"https:\/\/stiglerautomation.hr\/index.php\/services\/pustanje-u-pogon\/\">\n                <span class=\"elementor-button-icon\"><svg xmlns=\"http:\/\/www.w3.org\/2000\/svg\" width=\"32\" height=\"32\" viewBox=\"0 0 32 32\"><path class=\"btn-icon__icon\" d=\"M15.52 4.953c-.47.155-.904.523-1.125.956-.109.213-.128.327-.128.758 0 .43.019.546.131.773.101.206.87 1.009 3.384 3.533l3.253 3.266-7.438.014-7.437.014-.267.141a2.097 2.097 0 0 0-.831.834c-.109.213-.129.328-.129.758 0 .431.02.544.129.759.165.323.523.68.845.845l.253.129 7.437.014 7.438.014-3.253 3.266c-2.514 2.524-3.283 3.327-3.384 3.533-.112.227-.131.343-.131.773 0 .594.104.858.489 1.244.386.386.65.49 1.244.49.429 0 .547-.02.773-.131.391-.191 9.972-9.772 10.163-10.163.111-.226.131-.344.131-.773 0-.429-.02-.547-.131-.773-.103-.211-1.155-1.293-4.986-5.129-5.414-5.42-5.101-5.143-5.87-5.172-.235-.009-.487.003-.56.027\"><\/path><path class=\"btn-icon__icon\" d=\"M15.52 4.953c-.47.155-.904.523-1.125.956-.109.213-.128.327-.128.758 0 .43.019.546.131.773.101.206.87 1.009 3.384 3.533l3.253 3.266-7.438.014-7.437.014-.267.141a2.097 2.097 0 0 0-.831.834c-.109.213-.129.328-.129.758 0 .431.02.544.129.759.165.323.523.68.845.845l.253.129 7.437.014 7.438.014-3.253 3.266c-2.514 2.524-3.283 3.327-3.384 3.533-.112.227-.131.343-.131.773 0 .594.104.858.489 1.244.386.386.65.49 1.244.49.429 0 .547-.02.773-.131.391-.191 9.972-9.772 10.163-10.163.111-.226.131-.344.131-.773 0-.429-.02-.547-.131-.773-.103-.211-1.155-1.293-4.986-5.129-5.414-5.42-5.101-5.143-5.87-5.172-.235-.009-.487.003-.56.027\"><\/path><\/svg><\/span>\n                <img decoding=\"async\" class=\"service-icon\" src=\"https:\/\/stiglerautomation.hr\/wp-content\/uploads\/2024\/11\/switch.png\" alt=\"service icon\">            <\/a>\n        <\/div>\n        <div class=\"description\">\n            Pu\u0161tanje u pogon \u2013 testiranje bez kompromisa\r\n        <\/div>\n    <\/div>\n            <div class=\"service-post-thumbnail\">\n            <img loading=\"lazy\" decoding=\"async\" width=\"768\" height=\"401\" src=\"https:\/\/stiglerautomation.hr\/wp-content\/uploads\/2024\/11\/WINWORD_25I7wAKgXE-768x401.jpg\" class=\"attachment-medium_large size-medium_large wp-post-image\" alt=\"WINWORD 25I7wAKgXE\" srcset=\"https:\/\/stiglerautomation.hr\/wp-content\/uploads\/2024\/11\/WINWORD_25I7wAKgXE-768x401.jpg 768w, https:\/\/stiglerautomation.hr\/wp-content\/uploads\/2024\/11\/WINWORD_25I7wAKgXE-300x157.jpg 300w, https:\/\/stiglerautomation.hr\/wp-content\/uploads\/2024\/11\/WINWORD_25I7wAKgXE.jpg 870w\" sizes=\"(max-width: 768px) 100vw, 768px\" \/>        <\/div>\n    <\/div>                                        <\/div>\n                                                                                 <div class=\"grid-item service-item service-style-2\">\n                                            <div class=\"service-inner\">\n    <div class=\"service-content\">\n        <div class=\"service-content-top\">\n            <h3 class=\"service-title omega\"><a href=\"https:\/\/stiglerautomation.hr\/index.php\/services\/servis-odrzavanje-daljinsko-pracenje-i-otklanjanje-gresaka\/\">Servis, odr\u017eavanje, daljinsko pra\u0107enje i otklanjanje gre\u0161aka<\/a><\/h3>\n            <a class=\"service-more-link button-style-icon\" href=\"https:\/\/stiglerautomation.hr\/index.php\/services\/servis-odrzavanje-daljinsko-pracenje-i-otklanjanje-gresaka\/\">\n                <span class=\"elementor-button-icon\"><svg xmlns=\"http:\/\/www.w3.org\/2000\/svg\" width=\"32\" height=\"32\" viewBox=\"0 0 32 32\"><path class=\"btn-icon__icon\" d=\"M15.52 4.953c-.47.155-.904.523-1.125.956-.109.213-.128.327-.128.758 0 .43.019.546.131.773.101.206.87 1.009 3.384 3.533l3.253 3.266-7.438.014-7.437.014-.267.141a2.097 2.097 0 0 0-.831.834c-.109.213-.129.328-.129.758 0 .431.02.544.129.759.165.323.523.68.845.845l.253.129 7.437.014 7.438.014-3.253 3.266c-2.514 2.524-3.283 3.327-3.384 3.533-.112.227-.131.343-.131.773 0 .594.104.858.489 1.244.386.386.65.49 1.244.49.429 0 .547-.02.773-.131.391-.191 9.972-9.772 10.163-10.163.111-.226.131-.344.131-.773 0-.429-.02-.547-.131-.773-.103-.211-1.155-1.293-4.986-5.129-5.414-5.42-5.101-5.143-5.87-5.172-.235-.009-.487.003-.56.027\"><\/path><path class=\"btn-icon__icon\" d=\"M15.52 4.953c-.47.155-.904.523-1.125.956-.109.213-.128.327-.128.758 0 .43.019.546.131.773.101.206.87 1.009 3.384 3.533l3.253 3.266-7.438.014-7.437.014-.267.141a2.097 2.097 0 0 0-.831.834c-.109.213-.129.328-.129.758 0 .431.02.544.129.759.165.323.523.68.845.845l.253.129 7.437.014 7.438.014-3.253 3.266c-2.514 2.524-3.283 3.327-3.384 3.533-.112.227-.131.343-.131.773 0 .594.104.858.489 1.244.386.386.65.49 1.244.49.429 0 .547-.02.773-.131.391-.191 9.972-9.772 10.163-10.163.111-.226.131-.344.131-.773 0-.429-.02-.547-.131-.773-.103-.211-1.155-1.293-4.986-5.129-5.414-5.42-5.101-5.143-5.87-5.172-.235-.009-.487.003-.56.027\"><\/path><\/svg><\/span>\n                <img decoding=\"async\" class=\"service-icon\" src=\"https:\/\/stiglerautomation.hr\/wp-content\/uploads\/2024\/11\/diagnostic.png\" alt=\"service icon\">            <\/a>\n        <\/div>\n        <div class=\"description\">\n            Suradnja s klijentima ne zavr\u0161ava isporukom sustava.        <\/div>\n    <\/div>\n            <div class=\"service-post-thumbnail\">\n            <img loading=\"lazy\" decoding=\"async\" width=\"768\" height=\"512\" src=\"https:\/\/stiglerautomation.hr\/wp-content\/uploads\/2024\/11\/26822444-768x512.jpg\" class=\"attachment-medium_large size-medium_large wp-post-image\" alt=\"26822444\" srcset=\"https:\/\/stiglerautomation.hr\/wp-content\/uploads\/2024\/11\/26822444-768x512.jpg 768w, https:\/\/stiglerautomation.hr\/wp-content\/uploads\/2024\/11\/26822444-300x200.jpg 300w, https:\/\/stiglerautomation.hr\/wp-content\/uploads\/2024\/11\/26822444.jpg 1000w\" sizes=\"(max-width: 768px) 100vw, 768px\" \/>        <\/div>\n    <\/div>                                        <\/div>\n                                                    <\/div>\n\n        <\/div>\n                \t\t\t\t<\/div>\n\t\t\t\t<\/div>\n\t\t\t\t\t<\/div>\n\t\t\t\t<\/div>\n\t\t\t\t<\/div>\n\t\t","protected":false},"excerpt":{"rendered":"<p>\u010cime se bavimo? Inovativna rje\u0161enja Projektiranje i in\u017eenjering Projektiranje \u2013 temelj svake uspje\u0161ne automatizacije Izrada projektne dokumentacije i obuka Visuals and aesthetics are the best tools to communicate effectively. Nabava opreme Nabava opreme \u2013 samo provjerena kvaliteta Izrada elektro ormara Izrada elektro ormara \u2013 preciznost i sigurnost u svakom spoju Pu\u0161tanje u pogon Pu\u0161tanje u [&hellip;]<\/p>\n","protected":false},"author":1,"featured_media":0,"parent":0,"menu_order":0,"comment_status":"closed","ping_status":"closed","template":"","meta":{"iawp_total_views":112,"footnotes":""},"class_list":["post-4032","page","type-page","status-publish","hentry"],"_links":{"self":[{"href":"https:\/\/stiglerautomation.hr\/index.php\/wp-json\/wp\/v2\/pages\/4032","targetHints":{"allow":["GET"]}}],"collection":[{"href":"https:\/\/stiglerautomation.hr\/index.php\/wp-json\/wp\/v2\/pages"}],"about":[{"href":"https:\/\/stiglerautomation.hr\/index.php\/wp-json\/wp\/v2\/types\/page"}],"author":[{"embeddable":true,"href":"https:\/\/stiglerautomation.hr\/index.php\/wp-json\/wp\/v2\/users\/1"}],"replies":[{"embeddable":true,"href":"https:\/\/stiglerautomation.hr\/index.php\/wp-json\/wp\/v2\/comments?post=4032"}],"version-history":[{"count":16,"href":"https:\/\/stiglerautomation.hr\/index.php\/wp-json\/wp\/v2\/pages\/4032\/revisions"}],"predecessor-version":[{"id":8999,"href":"https:\/\/stiglerautomation.hr\/index.php\/wp-json\/wp\/v2\/pages\/4032\/revisions\/8999"}],"wp:attachment":[{"href":"https:\/\/stiglerautomation.hr\/index.php\/wp-json\/wp\/v2\/media?parent=4032"}],"curies":[{"name":"wp","href":"https:\/\/api.w.org\/{rel}","templated":true}]}}